d 300629.
7
Calculate the greatest common divisor of 180640 and 160.
160
What is the greatest common factor of 100062 and 54?
54
Calculate the greatest common divisor of 14199783 and 741.
741
Calculate the greatest common factor of 14 and 30499.
7
Calculate the highest common divisor of 6409 and 1937.
13
Calculate the greatest common divisor of 3219 and 1324082.
1073
What is the highest common factor of 192 and 52384?
32
What is the highest common divisor of 360 and 6408?
72
Calculate the highest common divisor of 4566 and 360.
6
Calculate the highest common factor of 27900 and 18900.
900
Calculate the highest common divisor of 13554 and 2.
2
Calculate the highest common factor of 40 and 2270560.
40
What is the highest common factor of 9 and 64683?
9
Calculate the greatest common divisor of 3179 and 39593.
289
What is the greatest common factor of 1393160 and 10440?
1160
Calculate the highest common factor of 110 and 310.
10
What is the highest common factor of 6539928 and 6?
6
What is the greatest common factor of 3811 and 37?
37
What is the greatest common divisor of 1053514 and 154?
154
What is the highest common factor of 970 and 457840?
970
Calculate the greatest common factor of 7032 and 264.
24
What is the highest common divisor of 1584 and 117648?
144
What is the highest common factor of 9427 and 2640?
11
Calculate the highest common divisor of 8 and 6434.
2
Calculate the highest common factor of 176 and 38291.
11
What is the highest common divisor of 21190 and 650?
130
Calculate the highest common factor of 11449 and 1.
1
Calculate the greatest common factor of 316338 and 396.
66
What is the greatest common divisor of 90 and 57740?
10
What is the greatest common factor of 3 and 729879?
3
Calculate the greatest common factor of 22632 and 7404.
12
What is the greatest common divisor of 17983 and 98?
49
Calculate the highest common divisor of 2065 and 335002.
59
What is the greatest common divisor of 21648 and 561?
33
Calculate the highest common divisor of 49 and 24976.
7
What is the greatest common factor of 96642 and 1183?
91
Calculate the highest common divisor of 5082 and 595518.
462
Calculate the highest common factor of 1425 and 1212960.
285
Calculate the highest common factor of 1968708 and 1771.
161
What is the highest common divisor of 343 and 700?
7
Calculate the highest common factor of 174580 and 430.
430
What is the highest common factor of 9975 and 1695?
15
Calculate the greatest common factor of 28 and 198429.
7
What is the greatest common divisor of 2 and 694?
2
What is the highest common divisor of 701925 and 30?
15
What is the highest common divisor of 100 and 20875?
25
Calculate the highest common factor of 59924 and 284.
284
Calculate the greatest common factor of 87549 and 154.
77
What is the highest common divisor of 249 and 30828?
3
Calculate the greatest common divisor of 5344 and 7515.
167
What is the greatest common factor of 1148459 and 13?
13
Calculate the greatest common factor of 1932 and 175686.
42
What is the greatest common divisor of 2530 and 43470?
230
Calculate the greatest common divisor of 74 and 79476.
74
Calculate the greatest common factor of 747 and 18177.
249
Calculate the highest common divisor of 1038 and 34080.
6
What is the greatest common divisor of 8464 and 8?
8
What is the greatest common factor of 1400 and 2072?
56
Calculate the greatest common divisor of 46 and 329176.
46
Calculate the highest common divisor of 92190 and 630.
210
What is the greatest common factor of 94122 and 4494?
42
What is the highest common divisor of 405110 and 2635?
85
What is the greatest common factor of 1501 and 2489?
19
Calculate the greatest common factor of 21122 and 24523.
179
Calculate the greatest common factor of 215264 and 64.
32
Calculate the highest common divisor of 3591 and 144172.
133
What is the highest common divisor of 159685 and 1635?
545
Calculate the greatest common factor of 27 and 38322.
9
Calculate the highest common divisor of 87820 and 16.
4
Calculate the greatest common divisor of 12 and 31116.
12
Calculate the highest common factor of 1078226 and 2.
2
What is the greatest common factor of 30753 and 108?
27
What is the highest common divisor of 482288 and 731?
43
Calculate the greatest common factor of 4958 and 5762.
134
What is the highest common factor of 145227 and 12?
3
Calculate the highest common factor of 1252 and 52897.
313
What is the highest common factor of 3263 and 326551?
251
Calculate the highest common divisor of 7920 and 70400.
880
Calculate the greatest common divisor of 7458 and 11506.
22
Calculate the greatest common divisor of 58 and 9795736.
58
What is the greatest common divisor of 260110 and 95?
95
What is the highest common divisor of 787211 and 1329?
443
What is the highest common divisor of 92087 and 213?
71
What is the greatest common divisor of 20185 and 44?
11
Calculate the greatest common factor of 7448 and 21658.
98
Calculate the highest common divisor of 14320 and 3280.
80
What is the highest common divisor of 703 and 551?
19
What is the greatest common factor of 121032 and 144?
72
What is the greatest common factor of 60 and 64254?
6
What is the highest common divisor of 236 and 186086?
118
Calculate the highest common factor of 6885 and 272.
17
What is the greatest common factor of 495 and 5852781?
99
What is the greatest common divisor of 1717 and 680?
17
What is the highest common divisor of 4386 and 4692?
102
What is the highest common divisor of 10125 and 690?
15
Calculate the greatest common factor of 9996 and 1164.
12
Calculate the highest common factor of 27 and 668115.
27
What is the greatest common factor of 415 and 21746?
83
Calculate the highest common divisor of 2448 and 78.
6
What is the greatest common divisor of 440 and 65890?
110
Calculate the highest common factor of 744 and 119226.
186
Calculate the greatest common factor of 14 and 4902541.
7
What is the highest common divisor of 293 and 790514?
293
Calculate the greatest common factor of 1149 and 461515.
383
Calculate the highest common divisor of 81 and 307233.
81
What is the highest common divisor of 14800 and 23384?
296
Calculate the greatest common divisor of 74 and 886.
2
Calculate the highest common factor of 12 and 183014.
2
Calculate the greatest common factor of 540 and 1020.
60
Calculate the greatest common factor of 298 and 3421934.
298
Calculate the highest common divisor of 190 and 561070.
190
What is the highest common factor of 15824 and 2392?
184
What is the greatest common factor of 10 and 9182?
2
Calculate the highest common factor of 15636 and 156.
12
Calculate the greatest common factor of 144 and 3892464.
144
What is the greatest common factor of 1000 and 2120?
40
Calculate the greatest common factor of 1911 and 4602.
39
Calculate the greatest common factor of 1394 and 3077.
17
What is the highest common divisor of 56 and 322196?
28
Calculate the highest common divisor of 84 and 389028.
12
What is the highest common factor of 141870 and 1470?
30
What is the greatest common divisor of 14 and 91854?
14
What is the highest common divisor of 15 and 179825?
5
Calculate the highest common factor of 2947 and 8420.
421
Calculate the greatest common divisor of 392 and 251244.
28
Calculate the highest common factor of 276 and 49174.
46
Calculate the highest common factor of 217 and 247933.
7
Calculate the highest common factor of 11888 and 432.
16
What is the highest common factor of 562961 and 735?
49
What is the greatest common divisor of 4565 and 16720?
55
Calculate the highest common factor of 4446 and 1938.
114
Calculate the greatest common divisor of 403524 and 1980.
396
Calculate the greatest common factor of 3616 and 49664.
32
Calculate the highest common divisor of 7056 and 91.
7
Calculate the highest common divisor of 10902 and 1127.
23
What is the highest common divisor of 206460 and 1850?
370
What is the highest common divisor of 26 and 14209?
13
What is the greatest common divisor of 596 and 2057243?
149
What is the greatest common factor of 2799 and 171?
9
What is the greatest common factor of 12 and 15114?
6
Calculate the highest common factor of 8579 and 9325.
373
Calculate the highest common factor of 45 and 57660.
15
Calculate the greatest common di